{"id":193,"date":"2022-12-09T12:36:25","date_gmt":"2022-12-09T12:36:25","guid":{"rendered":"https:\/\/kriptoclub.com\/coaching\/?page_id=193"},"modified":"2022-12-09T12:36:26","modified_gmt":"2022-12-09T12:36:26","slug":"splosni-pogoji-poslovanja","status":"publish","type":"page","link":"https:\/\/kriptoclub.com\/coaching\/splosni-pogoji-poslovanja\/","title":{"rendered":"Splo\u0161ni pogoji poslovanja"},"content":{"rendered":"\n<p>Zadnja posodobitev December &nbsp;2022<\/p>\n\n\n\n<p>SPLO\u0160NI POGOJI UPORABE SPLETNE STRANI http:\/\/www.kriptoclub.com TER NARO\u010cILA<\/p>\n\n\n\n<p>IZOBRA\u017dEVALNIH STORITEV, SVETOVANJA OZIROMA DRUGIH STORITEV, KI JIH<\/p>\n\n\n\n<p>PONUJA Medija Marketing Edvard Kurnik s.p., Na gmajni 29, 2312 Orehova vas<\/p>\n\n\n\n<p>1. UVODNE DOLO\u010cBE<\/p>\n\n\n\n<p>Predmetni splo\u0161ni pogoji dolo\u010dajo pravice in obveznosti obiskovalcev ter uporabnikov spletne<\/p>\n\n\n\n<p>strani http:\/\/www.kriptoclub.com ter pravice in obveznosti naro\u010dnikov izobra\u017eevalnih storitev in<\/p>\n\n\n\n<p>svetovanja oziroma drugih storitev, ki jih ponuja spletna stran http:\/\/www.kriptoclub.com<\/p>\n\n\n\n<p>oziroma Medija Marketing Edvard Kurnik s.p. (v nadaljevanju: PODJETJE).<\/p>\n\n\n\n<p>Oseba, ki obi\u0161\u010de spletno stran http:\/\/www.kriptoclub.com ali jo uporablja na na\u010din, da se prijavi<\/p>\n\n\n\n<p>na katerega koli izmed dostopnih programov, naro\u010di storitev ali na drug na\u010din sporo\u010di svoje<\/p>\n\n\n\n<p>osebne podatke, se izrecno strinja s predmetnimi splo\u0161nimi pogoji. Prav tako poda oseba<\/p>\n\n\n\n<p>izrecno privolitev k veljavnosti teh splo\u0161nih pogojev, \u010de sklene s PODJETJE-om kakr\u0161no koli<\/p>\n\n\n\n<p>pogodbo ali na drug na\u010din izrazi strinjanje s temi splo\u0161nimi pogoji.<\/p>\n\n\n\n<p>Za vpra\u0161anja, ki s temi splo\u0161nimi pogoji niso podrobneje urejena, se uporabi veljavna<\/p>\n\n\n\n<p>zakonodaja oziroma predpisi.<\/p>\n\n\n\n<p>V primeru, da katere dolo\u010dbe teh splo\u0161nih pogojev nasprotujejo veljavni zakonodaji oziroma<\/p>\n\n\n\n<p>predpisom, to ne vpliva na veljavnost splo\u0161nih pogojev, temve\u010d se namesto tak\u0161nih dolo\u010db<\/p>\n\n\n\n<p>uporabijo zakonske dolo\u010dbe oziroma dolo\u010dbe veljavnih predpisov. Druge dolo\u010dbe splo\u0161nih<\/p>\n\n\n\n<p>pogojev v tem primeru veljajo \u0161e naprej.<\/p>\n\n\n\n<p>Predmetni splo\u0161ni pogoji so vedno na voljo na spletni strani http:\/\/www.kriptoclub.com z<\/p>\n\n\n\n<p>namenom, da se lahko obiskovalec, uporabnik ali naro\u010dnik z njimi kadar koli seznani.<\/p>\n\n\n\n<p>2. UPORABA POJMOV<\/p>\n\n\n\n<p>Obiskovalec je vsaka oseba, ki obi\u0161\u010de spletno stran http:\/\/www.kriptoclub.com, vendar ne<\/p>\n\n\n\n<p>naro\u010di storitev ali se prijavi na katerega koli izmed dostopnih programov.<\/p>\n\n\n\n<p>Uporabnik je vsaka oseba, ki uporablja spletno stran http:\/\/www.kriptoclub.com na na\u010din, da se<\/p>\n\n\n\n<p>prijavi na katerega koli izmed dostopnih programov, naro\u010di storitev ali na drug na\u010din z izpolnitvijo<\/p>\n\n\n\n<p>spletnega obrazca sporo\u010di svoje osebne podatke.<\/p>\n\n\n\n<p>Naro\u010dnik je oseba, ki naro\u010di katero koli izmed storitev, ki jih ponuja spletna stran<\/p>\n\n\n\n<p>http:\/\/www.kriptoclub.com &nbsp;oziroma PODJETJE.<\/p>\n\n\n\n<p>Upravljavec osebnih podatkov oz. upravljavec spletne strani ter ponudnik je Medija Marketing Edvard Kurnik s.p. Na gmajni 29, 2312 Orehova vas<\/p>\n\n\n\n<p>3. PONUDBA OZIROMA OPRAVLJANJE STORITEV<\/p>\n\n\n\n<p>PODJETJE oziroma z njegove strani poobla\u0161\u010dene osebe nudijo storitve izobra\u017eevanja,<\/p>\n\n\n\n<p>seminarjev, svetovanja in druge podobne storitve po naprej predvidenih programih ali<\/p>\n\n\n\n<p>individualno.<\/p>\n\n\n\n<p>Uporabnik spletne strani oziroma naro\u010dnik storitev s sprejemom teh splo\u0161nih pogojev izjavlja, da<\/p>\n\n\n\n<p>je seznanjen z naravo storitev, ki jih ponuja spletna stran http:\/\/www.kriptoclub.com oziroma<\/p>\n\n\n\n<p>PODJETJE.<\/p>\n\n\n\n<p>V primeru, da se posameznik odlo\u010di sodelovati v predvidenem programu in naro\u010di storitev, se<\/p>\n\n\n\n<p>strinja, da so mu na voljo samo storitve, ki so predvidene v okviru tega programa. Ponudnik ima<\/p>\n\n\n\n<p>do trenutka izvedbe programa pravico do spremembe le-tega, o \u010demer bo naro\u010dnika obvestil do<\/p>\n\n\n\n<p>za\u010detka izvajanja programa.<\/p>\n\n\n\n<p>Z naro\u010dilom storitev oziroma programa se uporabnik oziroma naro\u010dnik zave\u017ee, da bo pokazal<\/p>\n\n\n\n<p>ustrezno mero profesionalnosti ter spo\u0161tovanja do ponudnika oziroma z njegove strani<\/p>\n\n\n\n<p>poobla\u0161\u010dene osebe oziroma do ostalih uporabnikov oziroma naro\u010dnikov, v kolikor gre za<\/p>\n\n\n\n<p>skupinski program, hkrati pa tudi, da bo upo\u0161teval pravila oziroma navodila, dana znotraj<\/p>\n\n\n\n<p>programa. V primeru, da uporabnik oziroma naro\u010dnik tega ne bo storil, je ponudniku oziroma<\/p>\n\n\n\n<p>morebitnim drugim uporabnikom oziroma naro\u010dnikom odgovoren za vso povzro\u010deno \u0161kodo. V<\/p>\n\n\n\n<p>kolikor je zaradi neustreznega obna\u0161anja oziroma neupo\u0161tevanja pravil s strani posameznega<\/p>\n\n\n\n<p>uporabnika oziroma naro\u010dnika ogro\u017eeno zdravje oziroma \u017eivljenje drugih oseb oziroma \u017eivali,<\/p>\n\n\n\n<p>ima ponudnik pravico, da uporabnika oziroma naro\u010dnika kadarkoli izklju\u010di iz programa.<\/p>\n\n\n\n<p>4. NARO\u010cILO STORITEV<\/p>\n\n\n\n<p>Vsaka fizi\u010dna oseba, ki \u017eeli naro\u010diti storitev, ki je dostopna na spletni strani<\/p>\n\n\n\n<p>http:\/\/www.kriptoclub.com oziroma ki jo ponuja PODJETJE, lahko to stori na ve\u010d na\u010dinov, in<\/p>\n\n\n\n<p>sicer preko spletne trgovine na spletni strani http:\/\/www.kriptoclub.com, ali z oddajo naro\u010dila<\/p>\n\n\n\n<p>preko elektronskega naslova, telefona ali po po\u0161ti.<\/p>\n\n\n\n<p>Naro\u010dilo je veljavno, \u010de vsebuje vsaj naslednje (osebne) podatke:<\/p>\n\n\n\n<p>storitev, ki se naro\u010da<\/p>\n\n\n\n<p>ime in priimek naro\u010dnika<\/p>\n\n\n\n<p>ter kontaktne podatke \u2013 telefonska \u0161tevilka ali elektronski naslov.<\/p>\n\n\n\n<p>Naro\u010dnik, ki odda naro\u010dilo za opravo storitev, preko spletne trgovine na spletni strani oziroma z<\/p>\n\n\n\n<p>oddajo naro\u010dila na na\u010din, opisan v prej\u0161nji to\u010dki, poda izrecno soglasje k sprejemu teh splo\u0161nih<\/p>\n\n\n\n<p>pogojev.<\/p>\n\n\n\n<p>V trenutku, ko je bila storitev \u017ee naro\u010dena ter pla\u010dana, lahko naro\u010dnik odstopi le v primeru, da<\/p>\n\n\n\n<p>ponudnik storitve \u0161e ni pri\u010del izvajati, vendar najkasneje 3 dni pred pri\u010detkom izvajanja storitev.<\/p>\n\n\n\n<p>Za datum za\u010detka izvajanja storitve se \u0161teje dan, ko je udele\u017eenec-ka programa prejel-a dostop<\/p>\n\n\n\n<p>do spletne u\u010dilnice s pripadajo\u010dim gradivom. V primeru, da se je storitev, ki je \u017ee bila pla\u010dana,<\/p>\n\n\n\n<p>tudi \u017ee pri\u010dela izvajati, naro\u010dnik ne more ve\u010d odstopiti od naro\u010dila in ni upravi\u010den do povra\u010dila<\/p>\n\n\n\n<p>pla\u010danih sredstev.<\/p>\n\n\n\n<p>V primeru, da je bila storitev naro\u010dena ter pla\u010dana, vendar obstajajo razlogi na strani ponudnika,<\/p>\n\n\n\n<p>zaradi katerih storitve oziroma programa ne bo mogo\u010de izvesti, se naro\u010dnik s sprejemom<\/p>\n\n\n\n<p>predmetnih splo\u0161nih pogojev strinja, da se mu \u017ee vpla\u010dana denarna sredstva vrnejo na<\/p>\n\n\n\n<p>transakcijski ra\u010dun, s katerega je bilo opravljeno nakazilo, in sicer najkasneje v roku 14<\/p>\n\n\n\n<p>(\u0161tirinajstih) delovnih dni po obvestilu naro\u010dniku, da storitve oziroma programa ne bo mogo\u010de<\/p>\n\n\n\n<p>opraviti. V primeru, da nakazilo ni bilo opravljeno s transakcijskega ra\u010duna, je dol\u017ean naro\u010dnik<\/p>\n\n\n\n<p>nemudoma sporo\u010diti \u0161tevilko transakcijskega ra\u010duna, na katerega se lahko izvede vra\u010dilo<\/p>\n\n\n\n<p>sredstev, naro\u010dnik pa je v tak\u0161nem primeru dol\u017ean vra\u010dilo sredstev izvesti najkasneje v roku 14<\/p>\n\n\n\n<p>(\u0161tirinajstih) delovnih dni po prejemu obvestila o \u0161tevilki transakcijskega ra\u010duna naro\u010dnika.<\/p>\n\n\n\n<p>Glede na naravo storitev, ki jih ponuja PODJETJE, se naro\u010dnik storitev izrecno strinja, da od<\/p>\n\n\n\n<p>ponudnika ne bo zahteval povra\u010dila \u0161kode v primeru neizvedbe naro\u010denih storitev oziroma<\/p>\n\n\n\n<p>programov.<\/p>\n\n\n\n<p>5. CENE IN NA\u010cIN PLA\u010cILA<\/p>\n\n\n\n<p>Cene storitev, ki so objavljene na spletni strani http:\/\/www.kriptoclub.com oziroma storitve, ki jih<\/p>\n\n\n\n<p>ponuja PODJETJE, so v evrih ter \u017ee vklju\u010dujejo DDV. Izjemoma so lahko cene navedene tudi<\/p>\n\n\n\n<p>brez DDV, vendar v tem primeru poleg cene z velikimi \u010drkami obvezno pi\u0161e \u0161e + DDV.<\/p>\n\n\n\n<p>Ponudnik si pridr\u017euje pravico kadarkoli spremeniti cene. V primeru, da se po tem, ko je bila<\/p>\n\n\n\n<p>storitev \u017ee naro\u010dena, spremeni cena te storitve, velja za naro\u010dnika cena, objavljena v trenutku<\/p>\n\n\n\n<p>oddaje naro\u010dila. Naro\u010dnik lahko naro\u010dene izdelke pla\u010da po predra\u010dunu, z nakazilom na ra\u010dun<\/p>\n\n\n\n<p>Medija Marketing Edvard Kurnik s.p. Na gmajni 29, 2312 Orehova vas, ali preko pla\u010dilnega sistema PayPal.<\/p>\n\n\n\n<p>Z namenom za\u0161\u010dite pred zlorabami pla\u010dilnih in kreditnih kartic si upravljavec pridr\u017ei pravico<\/p>\n\n\n\n<p>obvestiti pristojne organe o morebitnih zlorabah oziroma sumljivih ter neobi\u010dajnih rabah<\/p>\n\n\n\n<p>kreditnih ali pla\u010dilnih kartic, ki bodo kot pla\u010dilno sredstvo uporabljene v procesu pla\u010dila za<\/p>\n\n\n\n<p>naro\u010dilo. V kolikor naro\u010dnik ne vnese zahtevanih podatkov v trenutku opravljanja pla\u010dila s<\/p>\n\n\n\n<p>kreditno ali pla\u010dilno kartico, je lahko to ovira za izvedbo naro\u010dila, za katero upravljavec spletne<\/p>\n\n\n\n<p>strani ne odgovarja.<\/p>\n\n\n\n<p>6. DOSTAVA<\/p>\n\n\n\n<p>Artikli, ki so na zalogi, bodo odposlani naslednji delovni dan po prejetem naro\u010dilu. Dostavo<\/p>\n\n\n\n<p>omogo\u010da Po\u0161ta Slovenije d.o.o., ki si pridr\u017euje pravico dostave 1-3 delovne dni (praviloma so<\/p>\n\n\n\n<p>po\u0161iljke dostavljene naslednji dan po oddaji). V primeru, da izdelki niso na zalogi, vas bomo<\/p>\n\n\n\n<p>obvestili o nameravanem roku dostave.<\/p>\n\n\n\n<p>Dostava velja za podro\u010dje Slovenije. Za hitrej\u0161o dostavo ali dostavo izven dr\u017eave Slovenije se je<\/p>\n\n\n\n<p>potrebno dogovoriti po telefonu oziroma elektronski po\u0161ti.<\/p>\n\n\n\n<p>V nobenem primeru nismo odgovorni za prekora\u010den rok dostave. Dostava se izvr\u0161i na naslov,<\/p>\n\n\n\n<p>ki ste ga navedli ob naro\u010dilu. V primeru, da vas ob \u010dasu dostave ni na naslovu, Vam bo<\/p>\n\n\n\n<p>dostavljalec pustil obvestilo o prispeli po\u0161iljki. V primeru, da zaloga poide, vas bomo o tem<\/p>\n\n\n\n<p>nemudoma obvestili in vam sporo\u010dili dobavni rok za naro\u010dene artikle.<\/p>\n\n\n\n<p>Pogodbeni partner za dostavo po\u0161iljk je Po\u0161ta Slovenije, vendar si ponudnik pridr\u017euje pravico<\/p>\n\n\n\n<p>izbrati drugo dostavno slu\u017ebo, \u010de bo s tem lahko naro\u010dilo izpolnil bolj u\u010dinkovito.<\/p>\n\n\n\n<p>STRO\u0160EK DOSTAVE<\/p>\n\n\n\n<p>Za naro\u010dene izdelke v vrednosti do 35,00 EUR stro\u0161ke dostave krije naro\u010dnik \u2013 4,5 EUR (z<\/p>\n\n\n\n<p>DDV). Pri nakupu nad 35 ,00 EUR, pa stro\u0161ke dostave krijemo mi.<\/p>\n\n\n\n<p>V primeru, da izberete storitev pla\u010dila po povzetju vam dodatno zara\u010dunamo 1,84 EUR. Znesek<\/p>\n\n\n\n<p>se informativno prika\u017ee v kon\u010dnem obrazcu za oddajo naro\u010dila. \u010ce se \u017eelite znesku provizije<\/p>\n\n\n\n<p>izogniti, priporo\u010damo, da izberete na\u010din pla\u010dila po predra\u010dunu.<\/p>\n\n\n\n<p>\u010cAS DOSTAVE<\/p>\n\n\n\n<p>Dostava se vr\u0161i med tednom praviloma v dopoldanskem \u010dasu do 16.00 ure na naslov, ki ga<\/p>\n\n\n\n<p>vnesete ob oddaji naro\u010dila. \u010ce ste ob nakupu za na\u010din pla\u010dila izbrali gotovinsko pla\u010dilo ob<\/p>\n\n\n\n<p>prevzemu, prosimo poskrbite, da bo imel prejemnik po\u0161iljke pri sebi dovolj gotovine za pla\u010dilo<\/p>\n\n\n\n<p>odkupnine. \u010ce vas v \u010dasu dostave ni doma, bo dostavljalec Po\u0161te Slovenije pustil obvestilo o<\/p>\n\n\n\n<p>prispeli po\u0161iljki, blago pa vas bo \u010dakalo za prevzem na najbli\u017eji po\u0161tni enoti.<\/p>\n\n\n\n<p>7. OMEJITEV ODGOVORNOSTI<\/p>\n\n\n\n<p>Upravljavec spletne strani http:\/\/www.kriptoclub.com se bo ves \u010das trudil obiskovalcem<\/p>\n\n\n\n<p>omogo\u010diti nemoten dostop do spletne strani, vendar ne odgovarja za \u0161kodo, ki bi lahko nastala<\/p>\n\n\n\n<p>zaradi nemo\u017enosti uporabe te spletne strani, \u010de je do tega pri\u0161lo zaradi okoli\u0161\u010din, ki ne izhajajo<\/p>\n\n\n\n<p>iz njegove sfere.<\/p>\n\n\n\n<p>Upravljavec spletne strani prav tako ne odgovarja \u0161kodo, ki je posledica uporabe internetne<\/p>\n\n\n\n<p>mre\u017ee, kot so na primer prekinitev storitev s strani ponudnika internetnih storitev, zunanji vdor ali<\/p>\n\n\n\n<p>ra\u010dunalni\u0161ki virusi.<\/p>\n\n\n\n<p>Upravljavec osebnih podatkov ne prevzema nobene odgovornosti za morebitne napake, ki so<\/p>\n\n\n\n<p>posledica posredovanja napa\u010dnih podatkov ob naro\u010dilu storitev.<\/p>\n\n\n\n<p>Ponudnik ne odgovarja za \u0161kodo, ki bi lahko uporabniku ali naro\u010dniku nastala ob naro\u010dilu ali<\/p>\n\n\n\n<p>izvedbi oziroma udele\u017ebi v programih, ki jih ponuja PODJETJE, oziroma ki jih slednji promovira.<\/p>\n\n\n\n<p>Vsak uporabnik ali naro\u010dnik s sprejemom teh splo\u0161nih pogojev na katerega izmed predvidenih<\/p>\n\n\n\n<p>na\u010dinov, kot so opredeljeni v teh splo\u0161nih pogojih, izrecno sprejema odgovornost za vse<\/p>\n\n\n\n<p>morebitne posledice pri udele\u017ebi v programu oziroma v okviru opravljenih storitev.<\/p>\n\n\n\n<p>V primeru, da PODJETJE oziroma z njegove strani poobla\u0161\u010dena oseba promovira program<\/p>\n\n\n\n<p>oziroma storitev drugega ponudnika, veljajo za morebitnega naro\u010dnika oziroma uporabnika<\/p>\n\n\n\n<p>splo\u0161ni pogoji, ki jih objavi tisti ponudnik. V tem primeru se glede morebitne \u0161kode ter<\/p>\n\n\n\n<p>odgovornosti uporabljajo dolo\u010dbe splo\u0161nih pogojev oziroma pravil programa drugega<\/p>\n\n\n\n<p>ponudnika, PODJETJE pa za morebitno \u0161kodo, ki bi naro\u010dniku oziroma ponudniku nastala iz<\/p>\n\n\n\n<p>tega programa ali opravljene storitve, ne odgovarja.<\/p>\n\n\n\n<p>Ponudnik prav tako ne odgovarja za morebitno \u0161kodo, ki bi nastala uporabniku ali naro\u010dniku<\/p>\n\n\n\n<p>zato, ker v okviru programa oziroma storitve ni sledil danim navodilom ali ker je pridobljena<\/p>\n\n\n\n<p>sredstva, znanja ali materiale uporabljal na nedovoljen oziroma nepredviden na\u010din.<\/p>\n\n\n\n<p>PODJETJE ali z njegove strani poobla\u0161\u010dena oseba kot ponudnik ali kot promotor ne odgovarja<\/p>\n\n\n\n<p>za uspeh ponudnika oziroma naro\u010dnika storitev oziroma programa, prav tako ne daje<\/p>\n\n\n\n<p>nikakr\u0161nega zagotovila, da bo uporabniku oziroma naro\u010dniku vsebina storitve oziroma programa<\/p>\n\n\n\n<p>ustrezala. Uporabnik oziroma naro\u010dnik se s sprejemom teh splo\u0161nih pogojev strinja, da je v<\/p>\n\n\n\n<p>celoti odgovoren za svoj uspeh v programu oziroma v okviru storitev, ki jih je naro\u010dil.<\/p>\n\n\n\n<p>8. VARSTVO OSEBNIH PODATKOV<\/p>\n\n\n\n<p>Upravljavec osebnih podatkov ter upravljavec spletne strani http:\/\/www.kriptoclub.com je<\/p>\n\n\n\n<p>Medija Marketing Edvard Kurnik s.p.Na gmajni 29, 2312 Orehova vas<\/p>\n\n\n\n<p>Upravljavec spletne strani http:\/\/www.kriptoclub.com se zave\u017ee hkrati kot upravljavec osebnih<\/p>\n\n\n\n<p>podatkov varovati, hraniti in obdelovati osebne podatke obiskovalca spletne strani ter<\/p>\n\n\n\n<p>morebitnega uporabnika ali naro\u010dnika skladno s predpisi s podro\u010dja varstva osebnih podatkov.<\/p>\n\n\n\n<p>Hkrati se zave\u017ee uporabiti vse ustrezne organizacijske, tehni\u010dne in druge postopke in ukrepe,<\/p>\n\n\n\n<p>da se prepre\u010di nepoobla\u0161\u010deno uni\u010denje podatkov, njihova sprememba ali izguba ter<\/p>\n\n\n\n<p>nepoobla\u0161\u010dena obdelava.<\/p>\n\n\n\n<p>Obiskovalec spletne strani, ki postane uporabnik ali naro\u010dnik, s posredovanjem svojih osebnih<\/p>\n\n\n\n<p>podatkov oziroma z oddajo naro\u010dila ter s sprejemom predmetnih splo\u0161nih pogojev podaja<\/p>\n\n\n\n<p>izrecno soglasje ter skladno z dolo\u010dili ZVOP-1 tudi osebno privolitev, da sme upravljavec<\/p>\n\n\n\n<p>obdelovati osebne podatke, ki jih je le-ta posredoval, in sicer za namene izdelave analiz ter za<\/p>\n\n\n\n<p>namene ponujanja blaga in storitev (neposredno tr\u017eenje). V primeru, da je neposredno ob<\/p>\n\n\n\n<p>registraciji ozna\u010dil, da dolo\u010denih obvestil ne \u017eeli prejemati, se upravljavec osebnih podatkov<\/p>\n\n\n\n<p>zave\u017ee, da mu tak\u0161nih obvestil ne bo po\u0161iljal.<\/p>\n\n\n\n<p>Skladno s 30. \u010dlenom ZVOP-1 lahko uporabnik ali naro\u010dnik kadarkoli zahteva vpogled v katalog<\/p>\n\n\n\n<p>zbirko svojih osebnih podatkov, ki jih obdeluje upravljavec osebnih podatkov. Slednji mu mora<\/p>\n\n\n\n<p>na njegovo zahtevo tudi potrditi, ali se podatki v zvezi z njim obdelujejo ali ne, mu omogo\u010diti<\/p>\n\n\n\n<p>vpogled v osebne podatke, ki so vsebovani v zbirki osebnih podatkov in se nana\u0161ajo nanj, ter<\/p>\n\n\n\n<p>njihovo prepisovanje in kopiranje. Prav tako mora upravljavec osebnih podatkov na zahtevo<\/p>\n\n\n\n<p>registriranega uporabnika slednjemu posredovati izpis osebnih podatkov, ki so vsebovani v<\/p>\n\n\n\n<p>zbirki osebnih podatkov in se nana\u0161ajo nanj, mu posredovati seznam uporabnikov, katerim so<\/p>\n\n\n\n<p>bili posredovani osebni podatki, kdaj, na kak\u0161ni podali in za kak\u0161en namen, dati mu mora<\/p>\n\n\n\n<p>informacijo o virih, na katerih temeljijo zapisi, ki jih o posamezniku vsebuje zbirka osebnih<\/p>\n\n\n\n<p>podatkov, in o metodi obdelave, dati mu mora tudi informacije o namenu obdelave in vrsti<\/p>\n\n\n\n<p>osebnih podatkov, ki se obdelujejo, ter vsa potrebna pojasnila v zvezi s tem, ter registriranemu<\/p>\n\n\n\n<p>uporabniku pojasniti tehni\u010dne postopke odlo\u010danja v primeru izvajanja avtomatiziranega<\/p>\n\n\n\n<p>odlo\u010danja z obdelavo osebnih podatkov posameznika.<\/p>\n\n\n\n<p>Uporabnik ali naro\u010dnik lahko kadarkoli zavrne uporabo in obdelavo ter hrambo svojih podatkov,<\/p>\n\n\n\n<p>zbranih neposredno ob posredovanju osebnih podatkov ali naro\u010dilu ali kasneje v postopku<\/p>\n\n\n\n<p>spreminjanja le-teh. Tak\u0161no zahtevo lahko registrirani uporabnik odda pisno preko po\u0161te ali<\/p>\n\n\n\n<p>preko elektronske po\u0161te. Upravljavec osebnih podatkov se zave\u017ee, da bo glede na zahtevo<\/p>\n\n\n\n<p>uporabnika ali naro\u010dnika nemudoma, najkasneje pa v rok 15 (petnajst) dni od prejema zahteve,<\/p>\n\n\n\n<p>prepre\u010dil uporabo osebnih podatkov registriranega uporabnika. O tem bo v roku 5 (pet) dneh na<\/p>\n\n\n\n<p>isti na\u010din, kot je prejel zahtevo, obvestil uporabnika ali naro\u010dnika, ki je to zahteval.<\/p>\n\n\n\n<p>Uporabnik ali naro\u010dnik, ki ne \u017eeli, da mu upravljavec spletne strani http:\/\/www.kriptoclub.com<\/p>\n\n\n\n<p>po\u0161ilja obvestila ali ponudbe, ima mo\u017enost podaje odjave. Odjava se poda s klikom na<\/p>\n\n\n\n<p>povezavo, ki je dostopna v prejetem elektronskem sporo\u010dilu s strani upravljavca osebnih<\/p>\n\n\n\n<p>podatkov. Odjava se opravi nemudoma, v primeru tehni\u010dnih te\u017eav pa najkasneje v roku 15 dni<\/p>\n\n\n\n<p>od prejema zahteve za odjavo.<\/p>\n\n\n\n<p>Uporaba in varstvo osebnih podatkov je podrobneje opredeljeno v Politiki zasebnosti.<\/p>\n\n\n\n<p>9. PI\u0160KOTKI<\/p>\n\n\n\n<p>Spletna stran http:\/\/www.kriptoclub.com uporablja pi\u0161kotke za la\u017ejo povezavo obiskovalca<\/p>\n\n\n\n<p>oziroma uporabnika in personalizacijo morebitnih naro\u010denih storitev. Pi\u0161kotek je manj\u0161a<\/p>\n\n\n\n<p>datoteka, ki ga spletno mesto, ki ga uporabnik oziroma obiskovalec spletne strani obi\u0161\u010de, po\u0161lje<\/p>\n\n\n\n<p>brskalniku in se shrani na ra\u010dunalniku ob obisku spletne strani. Pi\u0161kotki ne dovoljujejo branja<\/p>\n\n\n\n<p>podatkov, ki jih ima obiskovalec oziroma uporabnik shranjene na svojem trdem disku, temve\u010d ti<\/p>\n\n\n\n<p>ostanejo zaupni.<\/p>\n\n\n\n<p>Obiskovalec spletne strani lahko nastavitve na svojem ra\u010dunalniku prilagodi, tako da pi\u0161kotke<\/p>\n\n\n\n<p>izklju\u010di ali jih pogojno uporablja, lahko pa jih tudi izbri\u0161e, kar lahko povzro\u010di, da ne bo mogel<\/p>\n\n\n\n<p>uporabljati vseh funkcij spletnega mesta. \u010ce obiskoval\u010dev spletni brskalnik ali obiskovalec<\/p>\n\n\n\n<p>pi\u0161kotek zavrne, je lahko dostop do storitev na spletni strani http:\/\/www.kriptoclub.com omejen<\/p>\n\n\n\n<p>ali onemogo\u010den.<\/p>\n\n\n\n<p>Ko obiskovalec, ki \u017eeli postati uporabnik oziroma naro\u010dnik, naro\u010di program, dostopen na<\/p>\n\n\n\n<p>navedeni spletni strani, naro\u010di storitev ali po\u0161lje svoje osebne podatke, poda tudi izrecno in<\/p>\n\n\n\n<p>osebno soglasje za namestitev pi\u0161kotkov ter izrecno privolitev, da se lahko uporabljajo in<\/p>\n\n\n\n<p>obdelujejo tudi drugi podatki, vklju\u010dno z mo\u017enostjo obdelovanja in povezovanja podatkov,<\/p>\n\n\n\n<p>razvidnih iz pi\u0161kotkov, z uporabnikovimi osebnimi podatki, ki jih je posredoval za namene<\/p>\n\n\n\n<p>neposrednega tr\u017eenja.<\/p>\n\n\n\n<p>10. AVTORSKE PRAVICE IN PRAVICE INTELEKTUALNE LASTNINE<\/p>\n\n\n\n<p>Vsa besedila, slike, ilustracije, fotografije, glasba, posnetki in podobno, ki so objavljene na<\/p>\n\n\n\n<p>spletni strani http:\/\/www.kriptoclub.com ali v okviru programa, so avtorsko delo ter u\u017eivajo<\/p>\n\n\n\n<p>za\u0161\u010dito skladno z dolo\u010dili zakonodaje s podro\u010dja avtorskega prava ter prava intelektualne<\/p>\n\n\n\n<p>lastnine. Obiskovalec spletne strani ima pravico uporabljati vsebino spletne strani izklju\u010dno za<\/p>\n\n\n\n<p>svojo osebno, nekomercialno rabo. Kakr\u0161na koli druga\u010dna uporaba vsebine spletne strani (kot<\/p>\n\n\n\n<p>je npr. kopiranje, reproduciranje, distribuiranje in podobno) v komercialne namene je izrecno<\/p>\n\n\n\n<p>prepovedana skladno z zakonodajo s podro\u010dja avtorskega prava ter prava intelektualne<\/p>\n\n\n\n<p>lastnine.<\/p>\n\n\n\n<p>Prepovedana je kakr\u0161na koli neupravi\u010dena ter nedovoljena uporaba hiperpovezave spletne<\/p>\n\n\n\n<p>http:\/\/www.kriptoclub.com, razen z izrecnim dovoljenjem podjetja PODJETJE.<\/p>\n\n\n\n<p>Vsaka storitev oziroma program, ki je objavljen na spletni strani http:\/\/www.kriptoclub.com oziroma ki ga ponuja PODJETJE, je avtorsko delo ponudnika oziroma druge pravne ali fizi\u010dne<\/p>\n\n\n\n<p>osebe, za katero ponudnik promovira storitev ali program. Kakr\u0161na koli neupravi\u010dena uporaba<\/p>\n\n\n\n<p>vsebine programov oziroma storitev (npr. kopiranje, reproduciranje, distribuiranje in podobno)<\/p>\n\n\n\n<p>oziroma prejetih predmetov, listin ter bro\u0161ur v okviru programa v komercialne namene je<\/p>\n\n\n\n<p>prepovedana.<\/p>\n\n\n\n<p>11. POMO\u010c STRANKAM IN RE\u0160EVANJE SPOROV<\/p>\n\n\n\n<p>Obiskovalec, uporabnik ali naro\u010dnik lahko vsa vpra\u0161anja, prito\u017ebe ter druge pripombe po\u0161lje na<\/p>\n\n\n\n<p>elektronski naslov info@ http:\/\/www.kriptoclub.com ali neposredno na naslov, IME PRIIMEK, ULICA +<\/p>\n\n\n\n<p>HI\u0160NA, 1000 LJUBLJANA.<\/p>\n\n\n\n<p>Upravljavec oziroma ponudnik se bo trudil prito\u017ebe in morebitne spore re\u0161evati na miren na\u010din,<\/p>\n\n\n\n<p>v kolikor pa to ne bo mogo\u010de, pa je za obravnavanje sporov, ki izhajajo iz razmerja med<\/p>\n\n\n\n<p>obiskovalcem, uporabnikom ali naro\u010dnikom na eni ter upravljavcem oziroma ponudnikom na<\/p>\n\n\n\n<p>drugo, pristojno po zakonu pristojno sodi\u0161\u010de.<\/p>\n\n\n\n<p>Medija Marketing Edvard Kurnik s.p., Na gmajni 29, 2312 Orehova vas<\/p>\n\n\n\n<p>Elektronski naslov: info@ http:\/\/www.kriptoclub.com<\/p>\n\n\n\n<p>Telefonska \u0161tevilka: +386 (0)41 743 585<\/p>\n","protected":false},"excerpt":{"rendered":"<p>Zadnja posodobitev December &nbsp;2022 SPLO\u0160NI POGOJI UPORABE SPLETNE STRANI http:\/\/www.kriptoclub.com TER NARO\u010cILA IZOBRA\u017dEVALNIH STORITEV, SVETOVANJA OZIROMA DRUGIH STORITEV, KI JIH PONUJA Medija Marketing Edvard Kurnik s.p., Na gmajni 29, 2312 Orehova vas 1. UVODNE DOLO\u010cBE Predmetni splo\u0161ni pogoji dolo\u010dajo pravice in obveznosti obiskovalcev ter uporabnikov spletne strani http:\/\/www.kriptoclub.com ter pravice in obveznosti naro\u010dnikov izobra\u017eevalnih storitev&#8230;<\/p>\n","protected":false},"author":1,"featured_media":0,"parent":0,"menu_order":0,"comment_status":"closed","ping_status":"closed","template":"","meta":{"_kad_post_transparent":"","_kad_post_title":"","_kad_post_layout":"","_kad_post_sidebar_id":"","_kad_post_content_style":"","_kad_post_vertical_padding":"","_kad_post_feature":"","_kad_post_feature_position":"","_kad_post_header":false,"_kad_post_footer":false,"footnotes":""},"class_list":["post-193","page","type-page","status-publish","hentry"],"_links":{"self":[{"href":"https:\/\/kriptoclub.com\/coaching\/wp-json\/wp\/v2\/pages\/193","targetHints":{"allow":["GET"]}}],"collection":[{"href":"https:\/\/kriptoclub.com\/coaching\/wp-json\/wp\/v2\/pages"}],"about":[{"href":"https:\/\/kriptoclub.com\/coaching\/wp-json\/wp\/v2\/types\/page"}],"author":[{"embeddable":true,"href":"https:\/\/kriptoclub.com\/coaching\/wp-json\/wp\/v2\/users\/1"}],"replies":[{"embeddable":true,"href":"https:\/\/kriptoclub.com\/coaching\/wp-json\/wp\/v2\/comments?post=193"}],"version-history":[{"count":1,"href":"https:\/\/kriptoclub.com\/coaching\/wp-json\/wp\/v2\/pages\/193\/revisions"}],"predecessor-version":[{"id":194,"href":"https:\/\/kriptoclub.com\/coaching\/wp-json\/wp\/v2\/pages\/193\/revisions\/194"}],"wp:attachment":[{"href":"https:\/\/kriptoclub.com\/coaching\/wp-json\/wp\/v2\/media?parent=193"}],"curies":[{"name":"wp","href":"https:\/\/api.w.org\/{rel}","templated":true}]}}